{"id":101,"date":"2025-08-22T17:19:34","date_gmt":"2025-08-22T14:19:34","guid":{"rendered":"https:\/\/giyimtoptanciniz.com\/?page_id=101"},"modified":"2025-09-03T19:38:04","modified_gmt":"2025-09-03T16:38:04","slug":"kurumsal","status":"publish","type":"page","link":"https:\/\/giyimtoptanciniz.com\/?page_id=101","title":{"rendered":"Kurumsal"},"content":{"rendered":"\n<p><strong>Giyim Toptanc\u0131n\u0131z<\/strong>, toptan giyim sekt\u00f6r\u00fcnde y\u0131llard\u0131r g\u00fcvenilir \u00fcretim ve sat\u0131\u015f hizmeti sunmaktad\u0131r. Kad\u0131n giyim alan\u0131nda geni\u015f \u00fcr\u00fcn yelpazemizle pazarc\u0131lara, butiklere ve ma\u011fazalara uygun fiyatl\u0131 ve kaliteli \u00fcr\u00fcnler sa\u011fl\u0131yoruz.<\/p>\n\n\n\n<p>\u00dcretimini yapt\u0131\u011f\u0131m\u0131z ba\u015fl\u0131ca \u00fcr\u00fcnler:<\/p>\n\n\n\n<ul class=\"wp-block-list\">\n<li><strong>Toptan kad\u0131n pijama tak\u0131mlar\u0131<\/strong><\/li>\n\n\n\n<li><strong>Cepli \u015fort ve cepsiz \u015fort modelleri<\/strong><\/li>\n\n\n\n<li><strong>Toptan cepli e\u015fofman altlar\u0131<\/strong><\/li>\n\n\n\n<li><strong>Toptan ti\u015f\u00f6rt \u00e7e\u015fitleri<\/strong><\/li>\n\n\n\n<li><strong>Toptan sweat modelleri<\/strong><\/li>\n<\/ul>\n\n\n\n<p>T\u00fcm \u00fcr\u00fcnlerimiz <strong>kendi \u00fcretimimiz<\/strong> olup, y\u00fcksek kaliteyi uygun fiyatlarla bir araya getiriyoruz.<\/p>\n\n\n\n<p>T\u00fcrkiye\u2019nin 81 iline <strong>h\u0131zl\u0131 kargo<\/strong> ile g\u00f6nderim yap\u0131yoruz. Ayr\u0131ca ma\u011fazam\u0131za gelen m\u00fc\u015fterilerimiz, \u00fcr\u00fcnleri yerinde g\u00f6rerek <strong>toptan al\u0131\u015fveri\u015f<\/strong> yapma imkan\u0131na sahiptir.<\/p>\n\n\n\n<p><strong>Misyonumuz<\/strong>, T\u00fcrkiye\u2019nin d\u00f6rt bir yan\u0131ndaki pazarc\u0131lara, butiklere ve ma\u011fazalara en kaliteli toptan giyim \u00fcr\u00fcnlerini ula\u015ft\u0131rmakt\u0131r. <strong>Vizyonumuz<\/strong>, toptan pijama, e\u015fofman, ti\u015f\u00f6rt ve sweat \u00fcretiminde g\u00fcvenilir ve tercih edilen bir marka olmakt\u0131r.<\/p>\n","protected":false},"excerpt":{"rendered":"<p>Giyim Toptanc\u0131n\u0131z, toptan giyim sekt\u00f6r\u00fcnde y\u0131llard\u0131r g\u00fcvenilir \u00fcretim ve sat\u0131\u015f hizmeti sunmaktad\u0131r. Kad\u0131n giyim alan\u0131nda geni\u015f \u00fcr\u00fcn yelpazemizle pazarc\u0131lara, butiklere ve ma\u011fazalara uygun fiyatl\u0131 ve kaliteli \u00fcr\u00fcnler sa\u011fl\u0131yoruz. \u00dcretimini yapt\u0131\u011f\u0131m\u0131z ba\u015fl\u0131ca \u00fcr\u00fcnler: T\u00fcm \u00fcr\u00fcnlerimiz kendi \u00fcretimimiz olup, y\u00fcksek kaliteyi uygun fiyatlarla bir araya getiriyoruz. T\u00fcrkiye\u2019nin 81 iline h\u0131zl\u0131 kargo ile g\u00f6nderim yap\u0131yoruz. Ayr\u0131ca ma\u011fazam\u0131za gelen [&hellip;]<\/p>\n","protected":false},"author":1,"featured_media":0,"parent":0,"menu_order":0,"comment_status":"closed","ping_status":"closed","template":"","meta":{"footnotes":""},"class_list":["post-101","page","type-page","status-publish","hentry"],"yoast_head":"<!-- This site is optimized with the Yoast SEO plugin v25.9 - https:\/\/yoast.com\/wordpress\/plugins\/seo\/ -->\n<title>Kurumsal - Giyim Toptanc\u0131n\u0131z<\/title>\n<meta name=\"robots\" content=\"index, follow, max-snippet:-1, max-image-preview:large, max-video-preview:-1\" \/>\n<link rel=\"canonical\" href=\"https:\/\/giyimtoptanciniz.com\/?page_id=101\" \/>\n<meta property=\"og:locale\" content=\"tr_TR\" \/>\n<meta property=\"og:type\" content=\"article\" \/>\n<meta property=\"og:title\" content=\"Kurumsal - Giyim Toptanc\u0131n\u0131z\" \/>\n<meta property=\"og:description\" content=\"Giyim Toptanc\u0131n\u0131z, toptan giyim sekt\u00f6r\u00fcnde y\u0131llard\u0131r g\u00fcvenilir \u00fcretim ve sat\u0131\u015f hizmeti sunmaktad\u0131r. Kad\u0131n giyim alan\u0131nda geni\u015f \u00fcr\u00fcn yelpazemizle pazarc\u0131lara, butiklere ve ma\u011fazalara uygun fiyatl\u0131 ve kaliteli \u00fcr\u00fcnler sa\u011fl\u0131yoruz. \u00dcretimini yapt\u0131\u011f\u0131m\u0131z ba\u015fl\u0131ca \u00fcr\u00fcnler: T\u00fcm \u00fcr\u00fcnlerimiz kendi \u00fcretimimiz olup, y\u00fcksek kaliteyi uygun fiyatlarla bir araya getiriyoruz. T\u00fcrkiye\u2019nin 81 iline h\u0131zl\u0131 kargo ile g\u00f6nderim yap\u0131yoruz. Ayr\u0131ca ma\u011fazam\u0131za gelen [&hellip;]\" \/>\n<meta property=\"og:url\" content=\"https:\/\/giyimtoptanciniz.com\/?page_id=101\" \/>\n<meta property=\"og:site_name\" content=\"Giyim Toptanc\u0131n\u0131z\" \/>\n<meta property=\"article:publisher\" content=\"https:\/\/www.facebook.com\/profile.php?id=61556286356754\" \/>\n<meta property=\"article:modified_time\" content=\"2025-09-03T16:38:04+00:00\" \/>\n<meta name=\"twitter:card\" content=\"summary_large_image\" \/>\n<meta name=\"twitter:label1\" content=\"Tahmini okuma s\u00fcresi\" \/>\n\t<meta name=\"twitter:data1\" content=\"1 dakika\" \/>\n<script type=\"application\/ld+json\" class=\"yoast-schema-graph\">{\"@context\":\"https:\/\/schema.org\",\"@graph\":[{\"@type\":\"WebPage\",\"@id\":\"https:\/\/giyimtoptanciniz.com\/?page_id=101\",\"url\":\"https:\/\/giyimtoptanciniz.com\/?page_id=101\",\"name\":\"Kurumsal - Giyim Toptanc\u0131n\u0131z\",\"isPartOf\":{\"@id\":\"https:\/\/giyimtoptanciniz.com\/#website\"},\"datePublished\":\"2025-08-22T14:19:34+00:00\",\"dateModified\":\"2025-09-03T16:38:04+00:00\",\"breadcrumb\":{\"@id\":\"https:\/\/giyimtoptanciniz.com\/?page_id=101#breadcrumb\"},\"inLanguage\":\"tr\",\"potentialAction\":[{\"@type\":\"ReadAction\",\"target\":[\"https:\/\/giyimtoptanciniz.com\/?page_id=101\"]}]},{\"@type\":\"BreadcrumbList\",\"@id\":\"https:\/\/giyimtoptanciniz.com\/?page_id=101#breadcrumb\",\"itemListElement\":[{\"@type\":\"ListItem\",\"position\":1,\"name\":\"Anasayfa\",\"item\":\"https:\/\/giyimtoptanciniz.com\/\"},{\"@type\":\"ListItem\",\"position\":2,\"name\":\"Kurumsal\"}]},{\"@type\":\"WebSite\",\"@id\":\"https:\/\/giyimtoptanciniz.com\/#website\",\"url\":\"https:\/\/giyimtoptanciniz.com\/\",\"name\":\"Giyim Toptanc\u0131n\u0131z\",\"description\":\"\",\"potentialAction\":[{\"@type\":\"SearchAction\",\"target\":{\"@type\":\"EntryPoint\",\"urlTemplate\":\"https:\/\/giyimtoptanciniz.com\/?s={search_term_string}\"},\"query-input\":{\"@type\":\"PropertyValueSpecification\",\"valueRequired\":true,\"valueName\":\"search_term_string\"}}],\"inLanguage\":\"tr\"}]}<\/script>\n<!-- \/ Yoast SEO plugin. -->","yoast_head_json":{"title":"Kurumsal - Giyim Toptanc\u0131n\u0131z","robots":{"index":"index","follow":"follow","max-snippet":"max-snippet:-1","max-image-preview":"max-image-preview:large","max-video-preview":"max-video-preview:-1"},"canonical":"https:\/\/giyimtoptanciniz.com\/?page_id=101","og_locale":"tr_TR","og_type":"article","og_title":"Kurumsal - Giyim Toptanc\u0131n\u0131z","og_description":"Giyim Toptanc\u0131n\u0131z, toptan giyim sekt\u00f6r\u00fcnde y\u0131llard\u0131r g\u00fcvenilir \u00fcretim ve sat\u0131\u015f hizmeti sunmaktad\u0131r. Kad\u0131n giyim alan\u0131nda geni\u015f \u00fcr\u00fcn yelpazemizle pazarc\u0131lara, butiklere ve ma\u011fazalara uygun fiyatl\u0131 ve kaliteli \u00fcr\u00fcnler sa\u011fl\u0131yoruz. \u00dcretimini yapt\u0131\u011f\u0131m\u0131z ba\u015fl\u0131ca \u00fcr\u00fcnler: T\u00fcm \u00fcr\u00fcnlerimiz kendi \u00fcretimimiz olup, y\u00fcksek kaliteyi uygun fiyatlarla bir araya getiriyoruz. T\u00fcrkiye\u2019nin 81 iline h\u0131zl\u0131 kargo ile g\u00f6nderim yap\u0131yoruz. Ayr\u0131ca ma\u011fazam\u0131za gelen [&hellip;]","og_url":"https:\/\/giyimtoptanciniz.com\/?page_id=101","og_site_name":"Giyim Toptanc\u0131n\u0131z","article_publisher":"https:\/\/www.facebook.com\/profile.php?id=61556286356754","article_modified_time":"2025-09-03T16:38:04+00:00","twitter_card":"summary_large_image","twitter_misc":{"Tahmini okuma s\u00fcresi":"1 dakika"},"schema":{"@context":"https:\/\/schema.org","@graph":[{"@type":"WebPage","@id":"https:\/\/giyimtoptanciniz.com\/?page_id=101","url":"https:\/\/giyimtoptanciniz.com\/?page_id=101","name":"Kurumsal - Giyim Toptanc\u0131n\u0131z","isPartOf":{"@id":"https:\/\/giyimtoptanciniz.com\/#website"},"datePublished":"2025-08-22T14:19:34+00:00","dateModified":"2025-09-03T16:38:04+00:00","breadcrumb":{"@id":"https:\/\/giyimtoptanciniz.com\/?page_id=101#breadcrumb"},"inLanguage":"tr","potentialAction":[{"@type":"ReadAction","target":["https:\/\/giyimtoptanciniz.com\/?page_id=101"]}]},{"@type":"BreadcrumbList","@id":"https:\/\/giyimtoptanciniz.com\/?page_id=101#breadcrumb","itemListElement":[{"@type":"ListItem","position":1,"name":"Anasayfa","item":"https:\/\/giyimtoptanciniz.com\/"},{"@type":"ListItem","position":2,"name":"Kurumsal"}]},{"@type":"WebSite","@id":"https:\/\/giyimtoptanciniz.com\/#website","url":"https:\/\/giyimtoptanciniz.com\/","name":"Giyim Toptanc\u0131n\u0131z","description":"","potentialAction":[{"@type":"SearchAction","target":{"@type":"EntryPoint","urlTemplate":"https:\/\/giyimtoptanciniz.com\/?s={search_term_string}"},"query-input":{"@type":"PropertyValueSpecification","valueRequired":true,"valueName":"search_term_string"}}],"inLanguage":"tr"}]}},"_links":{"self":[{"href":"https:\/\/giyimtoptanciniz.com\/index.php?rest_route=\/wp\/v2\/pages\/101","targetHints":{"allow":["GET"]}}],"collection":[{"href":"https:\/\/giyimtoptanciniz.com\/index.php?rest_route=\/wp\/v2\/pages"}],"about":[{"href":"https:\/\/giyimtoptanciniz.com\/index.php?rest_route=\/wp\/v2\/types\/page"}],"author":[{"embeddable":true,"href":"https:\/\/giyimtoptanciniz.com\/index.php?rest_route=\/wp\/v2\/users\/1"}],"replies":[{"embeddable":true,"href":"https:\/\/giyimtoptanciniz.com\/index.php?rest_route=%2Fwp%2Fv2%2Fcomments&post=101"}],"version-history":[{"count":2,"href":"https:\/\/giyimtoptanciniz.com\/index.php?rest_route=\/wp\/v2\/pages\/101\/revisions"}],"predecessor-version":[{"id":277,"href":"https:\/\/giyimtoptanciniz.com\/index.php?rest_route=\/wp\/v2\/pages\/101\/revisions\/277"}],"wp:attachment":[{"href":"https:\/\/giyimtoptanciniz.com\/index.php?rest_route=%2Fwp%2Fv2%2Fmedia&parent=101"}],"curies":[{"name":"wp","href":"https:\/\/api.w.org\/{rel}","templated":true}]}}